{"id":48,"date":"2019-08-15T19:11:42","date_gmt":"2019-08-15T17:11:42","guid":{"rendered":"http:\/\/szkolapodlipami.pl\/?page_id=48"},"modified":"2025-09-08T19:14:07","modified_gmt":"2025-09-08T17:14:07","slug":"kadra-pedagogiczna","status":"publish","type":"page","link":"https:\/\/szkolapodlipami.pl\/?page_id=48","title":{"rendered":"Kadra pedagogiczna"},"content":{"rendered":"<h2>Dyrektor<\/h2>\n<p>Anio\u0142 S\u0142awomir<\/p>\n<h2>Zast\u0119pcy dyrektora<\/h2>\n<p>Szyszka Katarzyna<\/p>\n<p>Mas\u0142owska-Taffel Ma\u0142gorzata<\/p>\n<p>Zapotoczny S\u0142awomir<\/p>\n<h2>J\u0119zyk polski<\/h2>\n<p>Juskowiak Natalia<\/p>\n<p>Pempera Ryszard<\/p>\n<p>Szyma\u0144ska Monika<\/p>\n<p>Szyszka Katarzyna<\/p>\n<p>Czaja-Zajder Renata<\/p>\n<p>Mas\u0142owska-Taffel Ma\u0142gorzata<\/p>\n<h2>Matematyka<\/h2>\n<p>Jakubczyk Olga<\/p>\n<p>Olek Bartosz<\/p>\n<p>Specht Alina<\/p>\n<p>Padjasek Alicja<\/p>\n<p>Musialska Daria<\/p>\n<h2>J\u0119zyk angielski<\/h2>\n<p>Depa Monika<\/p>\n<p>Lewandowska Dagmara<\/p>\n<p>Marciniak Krzysztof<\/p>\n<p>Popielewska Kinga<\/p>\n<p>Urba\u0144ska-Wojtacha Monika<\/p>\n<p>Szozdowska Irena<\/p>\n<h2>J\u0119zyk hiszpa\u0144ski<\/h2>\n<p>Bloch Robert<\/p>\n<p>Szubert Tomasz<\/p>\n<h2>Fizyka<\/h2>\n<p>Kasprzyk Dariusz<\/p>\n<h2>Chemia<\/h2>\n<p>Jasi\u0144ska Jadwiga<\/p>\n<h2>Biologia<\/h2>\n<p>Gulewicz Ilona<\/p>\n<p>Pisarska Justyna<\/p>\n<h2>Geografia<\/h2>\n<p>Makowska Dorota<\/p>\n<p>Rybakowski Dawid<\/p>\n<h2>Przyroda<\/h2>\n<p>Pisarska Justyna<\/p>\n<p>Rybakowski Dawid<\/p>\n<h2>Edukacja zdrowotna<\/h2>\n<p>Pisarska Justyna<\/p>\n<p>Gulewicz Ilona<\/p>\n<p>Matysiak Anna<\/p>\n<h2>Nauczanie wczesnoszkolne<\/h2>\n<p>Anastaziak Beata<\/p>\n<p>Grochowska Krystyna<\/p>\n<p>Kmita Donata<\/p>\n<p>Kisa\u0142a J\u00f3zefina<\/p>\n<p>Kowalewska Katarzyna<\/p>\n<p>Matyla Weronika &#8211; urlop zdrowotny<\/p>\n<p>Mizu\u0142a Agnieszka<\/p>\n<p>Waliszewska Ma\u0142gorzata<\/p>\n<p>Anna Panie\u0144ska &#8211; Konecka<\/p>\n<h2>Historia<\/h2>\n<p>Matysiak Anna<\/p>\n<p>Mota\u0142a Micha\u0142<\/p>\n<p>Zapotoczny S\u0142awomir<\/p>\n<h2>Edukacja obywatelska<\/h2>\n<p>Micha\u0142 Mota\u0142a<\/p>\n<h2>Wiedza o spo\u0142ecze\u0144stwie<\/h2>\n<p>Matysiak Anna<\/p>\n<p>Mota\u0142a Micha\u0142<\/p>\n<h2>Wychowanie do \u017cycia w rodzinie<\/h2>\n<p>Matysiak Anna<\/p>\n<h2>Informatyka<\/h2>\n<p>Kasprzyk Dariusz<\/p>\n<p>Olek Bartosz<\/p>\n<p>Fordo\u0144ska Ewelina<\/p>\n<h2>Edukacja dla Bezpiecze\u0144stwa<\/h2>\n<p>Olek Bartosz<\/p>\n<h3>Technika<\/h3>\n<p>Grocholska Ewa<\/p>\n<h2>Plastyka\/Zaj\u0119cia artystyczne<\/h2>\n<p>Fordo\u0144ska Ewelina<\/p>\n<p>Grocholska Ewa<\/p>\n<h2>Muzyka<\/h2>\n<p>Plust Wiktor<\/p>\n<p>Pisarska Justyna<\/p>\n<h2>Biznes i zarz\u0105dzanie<\/h2>\n<p>Mota\u0142a Micha\u0142<\/p>\n<h2>Doradztwo zawodowe<\/h2>\n<p>Mota\u0142a Micha\u0142<\/p>\n<h2>Wychowanie fizyczne\/Treningi<\/h2>\n<p>Anio\u0142 Ma\u0142gorzata<\/p>\n<p>Bekas Aleksandra<\/p>\n<p>Ciarka Dagmara<\/p>\n<p>Chojnacki Marcin<\/p>\n<p>Dembi\u0144ska Daria<\/p>\n<p>Dworzy\u0144ski Beniamin<\/p>\n<p>Jackowska &#8211; Grzechowiak Karolina<\/p>\n<p>Ko\u0142acki Marcin<\/p>\n<p>Koprowicz Kamil<\/p>\n<p>Krakowiak El\u017cbieta<\/p>\n<p>Kurek Izabela<\/p>\n<p>Kurowski Grzegorz<\/p>\n<p>Ko\u0142odziejski Piotr<\/p>\n<p>Piechna \u0141ukasz<\/p>\n<p>P\u0142onka S\u0142awomir<\/p>\n<p>Roszak Piotr<\/p>\n<p>Rybakowski Dawid<\/p>\n<p>Skowro\u0144ski Jacek<\/p>\n<p>Stachowski Marcin<\/p>\n<p>Szmyt Pawe\u0142<\/p>\n<p>Walczak Rafa\u0142<\/p>\n<p>Wali\u0144ski Maciej<\/p>\n<h2>\u015awietlica<\/h2>\n<p>Wilczy\u0144ska Katarzyna &#8211; kierownik<\/p>\n<p>Aposto\u0142 Miros\u0142awa<\/p>\n<p>Tomczyk Ewelina<\/p>\n<p>Grocka Joanna<\/p>\n<p>Maruschak Svitlana<\/p>\n<p>Rychlewicz Dorota<\/p>\n<p>Szubert Tomasz<\/p>\n<p>Fordo\u0144ska Ewelina<\/p>\n<h2>Religia<\/h2>\n<p>Depa Monika<\/p>\n<p>Plust Wiktor<\/p>\n<p>Siepka Katarzyna<\/p>\n<h2>Psycholog szkolny\/Psycholog sportu<\/h2>\n<p>Czech Dariusz<\/p>\n<p>Roszak Bartosz<\/p>\n<h2>Pedagog<\/h2>\n<p>Adamczyk Aleksandra<\/p>\n<p>Knappe Kaja<\/p>\n<h2>Biblioteka<\/h2>\n<p>Aposto\u0142 Miros\u0142awa<\/p>\n<p>Waraczewska Hanna<\/p>\n","protected":false},"excerpt":{"rendered":"<p>Dyrektor Anio\u0142 S\u0142awomir Zast\u0119pcy dyrektora Szyszka Katarzyna Mas\u0142owska-Taffel Ma\u0142gorzata Zapotoczny S\u0142awomir J\u0119zyk polski Juskowiak Natalia Pempera Ryszard Szyma\u0144ska Monika Szyszka Katarzyna Czaja-Zajder Renata Mas\u0142owska-Taffel Ma\u0142gorzata Matematyka Jakubczyk Olga Olek Bartosz Specht Alina Padjasek Alicja Musialska Daria J\u0119zyk angielski Depa Monika Lewandowska Dagmara Marciniak Krzysztof Popielewska Kinga Urba\u0144ska-Wojtacha Monika Szozdowska Irena &hellip;<\/p>\n","protected":false},"author":1,"featured_media":0,"parent":0,"menu_order":0,"comment_status":"closed","ping_status":"closed","template":"","meta":{"footnotes":""},"class_list":["post-48","page","type-page","status-publish","hentry"],"_links":{"self":[{"href":"https:\/\/szkolapodlipami.pl\/index.php?rest_route=\/wp\/v2\/pages\/48","targetHints":{"allow":["GET"]}}],"collection":[{"href":"https:\/\/szkolapodlipami.pl\/index.php?rest_route=\/wp\/v2\/pages"}],"about":[{"href":"https:\/\/szkolapodlipami.pl\/index.php?rest_route=\/wp\/v2\/types\/page"}],"author":[{"embeddable":true,"href":"https:\/\/szkolapodlipami.pl\/index.php?rest_route=\/wp\/v2\/users\/1"}],"replies":[{"embeddable":true,"href":"https:\/\/szkolapodlipami.pl\/index.php?rest_route=%2Fwp%2Fv2%2Fcomments&post=48"}],"version-history":[{"count":45,"href":"https:\/\/szkolapodlipami.pl\/index.php?rest_route=\/wp\/v2\/pages\/48\/revisions"}],"predecessor-version":[{"id":2453,"href":"https:\/\/szkolapodlipami.pl\/index.php?rest_route=\/wp\/v2\/pages\/48\/revisions\/2453"}],"wp:attachment":[{"href":"https:\/\/szkolapodlipami.pl\/index.php?rest_route=%2Fwp%2Fv2%2Fmedia&parent=48"}],"curies":[{"name":"wp","href":"https:\/\/api.w.org\/{rel}","templated":true}]}}