{"id":139,"date":"2019-09-02T14:35:12","date_gmt":"2019-09-02T12:35:12","guid":{"rendered":"http:\/\/szkolapodlipami.pl\/?page_id=139"},"modified":"2025-09-23T19:32:24","modified_gmt":"2025-09-23T17:32:24","slug":"sekcja-plywacka-2","status":"publish","type":"page","link":"https:\/\/szkolapodlipami.pl\/?page_id=139","title":{"rendered":"Kadra trenerska"},"content":{"rendered":"<p>Sekcja p\u0142ywacka w naszej szkole opiera si\u0119 na wsp\u00f3\u0142pracy z przyszkolnym klubem sportowym<strong> IUKS Jedynka Pozna\u0144<\/strong> w klasach I \u2013 IV (od 7 roku \u017cycia do 10 roku \u017cycia) oraz z klubem<strong> KS Posnania<\/strong> w klasach V \u2013 VIII szko\u0142y podstawowej oraz wszystkie klasy LO.<\/p>\n<p>W nauczaniu p\u0142ywania opieramy si\u0119 na metodzie Instinctive Swimming. W treningu realizujemy za\u0142o\u017cenia programu prof. Olbrechta.<\/p>\n<p><u>Nasi zawodnicy rywalizuj\u0105 z r\u00f3wie\u015bnikami na szczeblu:<\/u><\/p>\n<ul>\n<li>miasta Pozna\u0144 oraz Wojew\u00f3dztwa \u2013 Igrzyska Dzieci, Igrzyska M\u0142odzie\u017cy Szkolnej, Licealiada<\/li>\n<li>wojew\u00f3dztwa \u2013 Zimowe i Letnie Mistrzostwa Okr\u0119gu<\/li>\n<li>og\u00f3lnopolskim \u2013 zawody p\u0142ywackie na terenie ca\u0142ego kraju<\/li>\n<li>Mistrzostw Polski:\n<ul>\n<li>Dru\u017cynowy Wielob\u00f3j dzieci Dzieci 10 i 11 lat<\/li>\n<li>M\u0142odzik\u00f3w 12 i 13 lat<\/li>\n<li>Junior\u00f3w M\u0142odszych 14 i 15 lat<\/li>\n<li>Junior\u00f3w 16 lat<\/li>\n<li>Junior\u00f3w 17-18 lat<\/li>\n<li>M\u0142odzie\u017cowc\u00f3w<\/li>\n<\/ul>\n<\/li>\n<\/ul>\n<p><strong><u>Nasza Kadra Trenerska:<\/u><\/strong><\/p>\n<table style=\"height: 1618px;\" width=\"949\">\n<tbody>\n<tr>\n<td width=\"197\">Daria Dembi\u0144ska<\/td>\n<td width=\"444\">Trener p\u0142ywania II klasy PZP<\/p>\n<p>Klasy: I-III SP, wspomagania klasa VII, VIII SP<\/p>\n<p>Grupa: Dzieci 7 &#8211; 10 lat, M\u0142odzik 13 lat, Junior 14 lat<\/td>\n<\/tr>\n<tr>\n<td width=\"197\">Karolina Jackowska-Grzechowiak<\/td>\n<td width=\"444\">Trener p\u0142ywania II klasy<\/p>\n<p>Klasy: VIII SP, wspomaganie nauczania w klasach I-III, VII SP, I &#8211; III LO<\/p>\n<p>Grupa: Junior M\u0142odszy 14 lat, Dzieci 7 &#8211; 10 lat, Junior 14 &#8211; 17 lat<\/td>\n<\/tr>\n<tr>\n<td width=\"197\">El\u017cbieta Krakowiak<\/td>\n<td width=\"444\">Trener p\u0142ywania II klasy PZP , instruktor Instinctiv Swimming<\/p>\n<p>Klasy: I &#8211; IV LO, wspomagania w klasie V SP<\/p>\n<p>Grupa: Junior &#8211; M\u0142odzie\u017cowiec 14 &#8211; 18 lat, Dzieci lat 11<\/td>\n<\/tr>\n<tr>\n<td width=\"197\">Izabela Kurek<\/td>\n<td width=\"444\">Trener p\u0142ywania II klasy<\/p>\n<p>Klasy: VI SP, wspomaganie nauczania w klasach I-III SP<\/p>\n<p>Grupa: Dzieci 7 &#8211; 12 lat, Dzieci 12 lat<\/td>\n<\/tr>\n<tr>\n<td width=\"197\">Marcin Chojnacki<\/td>\n<td width=\"444\">Trener p\u0142ywania II klasy PZP, trener Instinctive Swimming<\/p>\n<p>Klasy: VII SP, wspomaganie nauczania w klasach I-III SP, VIII SP<\/p>\n<p>Grupa: M\u0142odzik 13 lat, Dzieci 7 &#8211; 12 lat, Junior 14 &#8211; 17 lat<\/td>\n<\/tr>\n<tr>\n<td width=\"197\">S\u0142awomir P\u0142onka<\/td>\n<td width=\"444\">Trener p\u0142ywania I klasy PZP<\/p>\n<p>Klasy: I &#8211; IV LO<\/p>\n<p>Grupa: Junior, M\u0142odzie\u017cowiec 14 &#8211; 18 lat<\/td>\n<\/tr>\n<tr>\n<td width=\"197\">Pawe\u0142 Szmyt<\/td>\n<td width=\"444\">Trener p\u0142ywania II klasy PZP<\/p>\n<p>Klasy: I &#8211; III SP, wspomagania w klasie VI SP<\/p>\n<p>Grupa: Dzieci 7 &#8211; 12 lat<\/td>\n<\/tr>\n<tr>\n<td width=\"197\">Jacek Skowro\u0144ski<\/td>\n<td width=\"444\">Trener p\u0142ywania II klasy, instruktor p\u0142ywania PZP<\/p>\n<p>Trener Mentalny Junior<\/p>\n<p>Klasy: IV SP, wspomaganie w klasach I &#8211; III SP<\/p>\n<p>Grupa: Dzieci 7 &#8211; 10 lat, Dzieci 10 lat<\/td>\n<\/tr>\n<tr>\n<td width=\"197\">Maciej Wali\u0144ski<\/td>\n<td width=\"444\">Trener p\u0142ywania II klasy, instruktor p\u0142ywania PZP<\/p>\n<p>Klasy: V SP, wspomaganie w klasie VIII SP, I &#8211; IV LO<\/p>\n<p>Grupa: Dzieci 11 lat, Junior 14 &#8211; 17\u00a0 lat<\/td>\n<\/tr>\n<\/tbody>\n<\/table>\n<p>&nbsp;<\/p>\n<p style=\"text-align: center;\"><img loading=\"lazy\" decoding=\"async\" class=\"aligncenter size-large wp-image-1335\" src=\"https:\/\/szkolapodlipami.pl\/wp-content\/uploads\/2022\/10\/309544876_3282795885268026_1003921231600968246_n-1024x989.jpg\" alt=\"\" width=\"826\" height=\"798\" srcset=\"https:\/\/szkolapodlipami.pl\/wp-content\/uploads\/2022\/10\/309544876_3282795885268026_1003921231600968246_n-1024x989.jpg 1024w, https:\/\/szkolapodlipami.pl\/wp-content\/uploads\/2022\/10\/309544876_3282795885268026_1003921231600968246_n-300x290.jpg 300w, https:\/\/szkolapodlipami.pl\/wp-content\/uploads\/2022\/10\/309544876_3282795885268026_1003921231600968246_n-768x742.jpg 768w, https:\/\/szkolapodlipami.pl\/wp-content\/uploads\/2022\/10\/309544876_3282795885268026_1003921231600968246_n-259x250.jpg 259w, https:\/\/szkolapodlipami.pl\/wp-content\/uploads\/2022\/10\/309544876_3282795885268026_1003921231600968246_n.jpg 1118w\" sizes=\"auto, (max-width: 826px) 100vw, 826px\" \/><\/p>\n<p><img loading=\"lazy\" decoding=\"async\" class=\"alignnone wp-image-2252\" src=\"https:\/\/szkolapodlipami.pl\/wp-content\/uploads\/2024\/09\/459514939_2282402218825100_306269310683282503_n.jpg\" alt=\"\" width=\"946\" height=\"710\" \/><\/p>\n","protected":false},"excerpt":{"rendered":"<p>Sekcja p\u0142ywacka w naszej szkole opiera si\u0119 na wsp\u00f3\u0142pracy z przyszkolnym klubem sportowym IUKS Jedynka Pozna\u0144 w klasach I \u2013 IV (od 7 roku \u017cycia do 10 roku \u017cycia) oraz z klubem KS Posnania w klasach V \u2013 VIII szko\u0142y podstawowej oraz wszystkie klasy LO. W nauczaniu p\u0142ywania opieramy si\u0119 &hellip;<\/p>\n","protected":false},"author":1,"featured_media":0,"parent":0,"menu_order":0,"comment_status":"closed","ping_status":"closed","template":"","meta":{"footnotes":""},"class_list":["post-139","page","type-page","status-publish","hentry"],"_links":{"self":[{"href":"https:\/\/szkolapodlipami.pl\/index.php?rest_route=\/wp\/v2\/pages\/139","targetHints":{"allow":["GET"]}}],"collection":[{"href":"https:\/\/szkolapodlipami.pl\/index.php?rest_route=\/wp\/v2\/pages"}],"about":[{"href":"https:\/\/szkolapodlipami.pl\/index.php?rest_route=\/wp\/v2\/types\/page"}],"author":[{"embeddable":true,"href":"https:\/\/szkolapodlipami.pl\/index.php?rest_route=\/wp\/v2\/users\/1"}],"replies":[{"embeddable":true,"href":"https:\/\/szkolapodlipami.pl\/index.php?rest_route=%2Fwp%2Fv2%2Fcomments&post=139"}],"version-history":[{"count":28,"href":"https:\/\/szkolapodlipami.pl\/index.php?rest_route=\/wp\/v2\/pages\/139\/revisions"}],"predecessor-version":[{"id":2485,"href":"https:\/\/szkolapodlipami.pl\/index.php?rest_route=\/wp\/v2\/pages\/139\/revisions\/2485"}],"wp:attachment":[{"href":"https:\/\/szkolapodlipami.pl\/index.php?rest_route=%2Fwp%2Fv2%2Fmedia&parent=139"}],"curies":[{"name":"wp","href":"https:\/\/api.w.org\/{rel}","templated":true}]}}