{"id":1360,"date":"2022-10-04T18:17:12","date_gmt":"2022-10-04T16:17:12","guid":{"rendered":"http:\/\/szkolapodlipami.pl\/?page_id=1360"},"modified":"2023-09-03T08:17:10","modified_gmt":"2023-09-03T06:17:10","slug":"laboratoria-przyszlosci","status":"publish","type":"page","link":"https:\/\/szkolapodlipami.pl\/?page_id=1360","title":{"rendered":"Laboratoria Przysz\u0142o\u015bci"},"content":{"rendered":"<p style=\"text-align: left;\"><strong>Laboratoria Przysz\u0142o\u015bci<\/strong><\/p>\n<p style=\"text-align: left;\"><strong>Laboratoria Przysz\u0142o\u015bci to Program, kt\u00f3rego celem jest budowanie kompetencji kreatywnych i technicznych w\u015br\u00f3d uczni\u00f3w. W ramach Programu szko\u0142a otrzyma\u0142a od pa\u0144stwa wsparcie finansowe na zakup wyposa\u017cenia technicznego niezb\u0119dnego do rozwoju umiej\u0119tno\u015bci praktycznych w\u015br\u00f3d dzieci i m\u0142odzie\u017cy.<\/strong><\/p>\n<p style=\"text-align: left;\">Kreatywne my\u015blenie oraz obs\u0142uga narz\u0119dzi to jedne z podstawowych umiej\u0119tno\u015bci decyduj\u0105cych o rozwoju cywilizacyjnym, gospodarczym i\u202fspo\u0142ecznym.\u00a0Wzrost innowacyjno\u015bci oraz rozw\u00f3j technologiczny spowodowa\u0142, \u017ce umiej\u0119tno\u015bci matematyczne, w zakresie nauk przyrodniczych, technologii i in\u017cynierii s\u0105 dzi\u015b wa\u017cniejsze ni\u017c\u202fkiedykolwiek wcze\u015bniej. Laboratoria Przysz\u0142o\u015bci to kolejny krok w stron\u0119 wzmocnienia i uatrakcyjnienia dotychczasowego procesu zdobywania wiedzy i praktycznych umiej\u0119tno\u015bci w tych\u00a0obszarach\u00a0przez uczni\u00f3w.<\/p>\n<p style=\"text-align: left;\">Zakupione wyposa\u017cenie\u00a0techniczne\u00a0sprzyja \u202fkszta\u0142towaniu i\u202frozwijaniu umiej\u0119tno\u015bci manualnych i technicznych, umiej\u0119tno\u015bci samodzielnego i krytycznego my\u015blenia, zdolno\u015bci my\u015blenia matematycznego oraz umiej\u0119tno\u015bci w zakresie nauk przyrodniczych, technologii i in\u017cynierii, stosowania technologii informacyjno-komunikacyjnych, jak r\u00f3wnie\u017c pracy zespo\u0142owej, dobrej organizacji i dbania o\u202fporz\u0105dek na stanowisku pracy oraz radzenia sobie w \u017cyciu codziennym.\u00a0 Laboratoria Przysz\u0142o\u015bci to nowoczesny sprz\u0119t, kt\u00f3ry\u00a0uatrakcyjni\u00a0zaj\u0119cia szkolne i pozwol\u0105\u00a0uczniom rozwija\u0107 swoje zainteresowania\u00a0nie tylko na lekcjach techniki i\u00a0w\u202framach innych obowi\u0105zkowych zaj\u0119\u0107 edukacyjnych, lecz\u00a0tak\u017ce w ramach zaj\u0119\u0107 pozalekcyjnych, k\u00f3\u0142 zainteresowa\u0144 i innych form rozwijania umiej\u0119tno\u015bci.<\/p>\n<p style=\"text-align: left;\"><strong>Sprz\u0119t zakupiony w naszej szkole w ramach programu to:<\/strong><\/p>\n<ul>\n<li>EMPIRIUSZ &#8211; wirtualne laboratorium chemiczne;<\/li>\n<li>Drukarki 3D wraz z akcesoriami;<\/li>\n<li>Roboty edukacyjne wraz z akcesoriami;<\/li>\n<li>Klocki do samodzielnej konstrukcji z akcesoriami;<\/li>\n<li>Mikrokontroler z czujnikami i akcesoriami;<\/li>\n<li>Aparat fotograficzny z akcesoriami;<\/li>\n<li>Statyw z akcesoriami;<\/li>\n<li>Gimbal;<\/li>\n<li>Mikrofon kierunkowy z akcesoriami;<\/li>\n<li>O\u015bwietlenie do realizacji nagra\u0144;<\/li>\n<li>Mikroport z akcesoriami;<\/li>\n<li>Gogle Wirtualnej Rzeczywisto\u015bci (VR) wraz z akcesoriami i oprogramowaniem wspieraj\u0105cymi ich funkcjonowanie.<\/li>\n<\/ul>\n<p><img loading=\"lazy\" decoding=\"async\" class=\"aligncenter size-medium wp-image-1362\" src=\"https:\/\/szkolapodlipami.pl\/wp-content\/uploads\/2022\/10\/logo-Laboratoria_Przyszlosci_pion_kolor-1-280x300.png\" alt=\"\" width=\"280\" height=\"300\" srcset=\"https:\/\/szkolapodlipami.pl\/wp-content\/uploads\/2022\/10\/logo-Laboratoria_Przyszlosci_pion_kolor-1-280x300.png 280w, https:\/\/szkolapodlipami.pl\/wp-content\/uploads\/2022\/10\/logo-Laboratoria_Przyszlosci_pion_kolor-1-956x1024.png 956w, https:\/\/szkolapodlipami.pl\/wp-content\/uploads\/2022\/10\/logo-Laboratoria_Przyszlosci_pion_kolor-1-768x822.png 768w, https:\/\/szkolapodlipami.pl\/wp-content\/uploads\/2022\/10\/logo-Laboratoria_Przyszlosci_pion_kolor-1-1434x1536.png 1434w, https:\/\/szkolapodlipami.pl\/wp-content\/uploads\/2022\/10\/logo-Laboratoria_Przyszlosci_pion_kolor-1-233x250.png 233w, https:\/\/szkolapodlipami.pl\/wp-content\/uploads\/2022\/10\/logo-Laboratoria_Przyszlosci_pion_kolor-1.png 1623w\" sizes=\"auto, (max-width: 280px) 100vw, 280px\" \/><\/p>\n","protected":false},"excerpt":{"rendered":"<p>Laboratoria Przysz\u0142o\u015bci Laboratoria Przysz\u0142o\u015bci to Program, kt\u00f3rego celem jest budowanie kompetencji kreatywnych i technicznych w\u015br\u00f3d uczni\u00f3w. W ramach Programu szko\u0142a otrzyma\u0142a od pa\u0144stwa wsparcie finansowe na zakup wyposa\u017cenia technicznego niezb\u0119dnego do rozwoju umiej\u0119tno\u015bci praktycznych w\u015br\u00f3d dzieci i m\u0142odzie\u017cy. Kreatywne my\u015blenie oraz obs\u0142uga narz\u0119dzi to jedne z podstawowych umiej\u0119tno\u015bci decyduj\u0105cych o &hellip;<\/p>\n","protected":false},"author":1,"featured_media":0,"parent":0,"menu_order":0,"comment_status":"closed","ping_status":"closed","template":"","meta":{"footnotes":""},"class_list":["post-1360","page","type-page","status-publish","hentry"],"_links":{"self":[{"href":"https:\/\/szkolapodlipami.pl\/index.php?rest_route=\/wp\/v2\/pages\/1360","targetHints":{"allow":["GET"]}}],"collection":[{"href":"https:\/\/szkolapodlipami.pl\/index.php?rest_route=\/wp\/v2\/pages"}],"about":[{"href":"https:\/\/szkolapodlipami.pl\/index.php?rest_route=\/wp\/v2\/types\/page"}],"author":[{"embeddable":true,"href":"https:\/\/szkolapodlipami.pl\/index.php?rest_route=\/wp\/v2\/users\/1"}],"replies":[{"embeddable":true,"href":"https:\/\/szkolapodlipami.pl\/index.php?rest_route=%2Fwp%2Fv2%2Fcomments&post=1360"}],"version-history":[{"count":4,"href":"https:\/\/szkolapodlipami.pl\/index.php?rest_route=\/wp\/v2\/pages\/1360\/revisions"}],"predecessor-version":[{"id":1619,"href":"https:\/\/szkolapodlipami.pl\/index.php?rest_route=\/wp\/v2\/pages\/1360\/revisions\/1619"}],"wp:attachment":[{"href":"https:\/\/szkolapodlipami.pl\/index.php?rest_route=%2Fwp%2Fv2%2Fmedia&parent=1360"}],"curies":[{"name":"wp","href":"https:\/\/api.w.org\/{rel}","templated":true}]}}