{"id":121,"date":"2019-08-20T21:51:42","date_gmt":"2019-08-20T19:51:42","guid":{"rendered":"http:\/\/szkolapodlipami.pl\/?page_id=121"},"modified":"2024-09-07T12:36:21","modified_gmt":"2024-09-07T10:36:21","slug":"ogloszenia","status":"publish","type":"page","link":"https:\/\/szkolapodlipami.pl\/?page_id=121","title":{"rendered":"Kontakt"},"content":{"rendered":"<p>Zesp\u00f3\u0142 Szk\u00f3\u0142 z Oddzia\u0142ami Sportowymi nr 1 w Poznaniu<\/p>\n<p>os. Pod Lipami 106<\/p>\n<p>61-638 Pozna\u0144<\/p>\n<p>telefon: 61 8200 591<\/p>\n<p>email \u2013 <a href=\"mailto:sekretariat@szkolapodlipami.pl\">sekretariat@szkolapodlipami.pl<\/a><\/p>\n<p><a href=\"https:\/\/mapy.google.pl\/maps\/ms?msid=214353750705765823272.0004b608449325dae320c&amp;msa=0&amp;ll=52.431132,16.946454&amp;spn=0.015909,0.033088\"><img loading=\"lazy\" decoding=\"async\" class=\"alignleftr\" src=\"https:\/\/szkolapodlipami.pl\/wp-content\/uploads\/2021\/02\/mapa.jpeg\" alt=\"Mapa - Zesp\u00f3\u0142 Szk\u00f3\u0142 z Oddzia\u0142ami Sportowymi nr 1\" width=\"500\" height=\"500\" \/><\/a><br \/>\nSekretariat<\/p>\n<p>poniedzia\u0142ek\u00a0\u00a0\u00a0\u00a0 8:00 \u2013 16:00<br \/>\nwtorek\u00a0 \u00a0 \u00a0 \u00a0 \u00a0 \u00a0 \u00a0 7:30 \u2013 15:30<br \/>\n\u015broda\u00a0 \u00a0 \u00a0 \u00a0 \u00a0 \u00a0 \u00a0 \u00a0 \u00a07:30 \u2013 15:30<br \/>\nczwartek\u00a0 \u00a0 \u00a0 \u00a0 \u00a0 \u00a07:30 \u2013 15:30<br \/>\npi\u0105tek\u00a0 \u00a0 \u00a0 \u00a0 \u00a0 \u00a0 \u00a0 \u00a0 7:30 \u2013 15:30<\/p>\n<p>Codziennie od 11 do 12.30 sekretariat nieczynny<\/p>\n","protected":false},"excerpt":{"rendered":"<p>Zesp\u00f3\u0142 Szk\u00f3\u0142 z Oddzia\u0142ami Sportowymi nr 1 w Poznaniu os. Pod Lipami 106 61-638 Pozna\u0144 telefon: 61 8200 591 email \u2013 sekretariat@szkolapodlipami.pl Sekretariat poniedzia\u0142ek\u00a0\u00a0\u00a0\u00a0 8:00 \u2013 16:00 wtorek\u00a0 \u00a0 \u00a0 \u00a0 \u00a0 \u00a0 \u00a0 7:30 \u2013 15:30 \u015broda\u00a0 \u00a0 \u00a0 \u00a0 \u00a0 \u00a0 \u00a0 \u00a0 \u00a07:30 \u2013 15:30 czwartek\u00a0 \u00a0 &hellip;<\/p>\n","protected":false},"author":1,"featured_media":0,"parent":0,"menu_order":0,"comment_status":"closed","ping_status":"closed","template":"","meta":{"footnotes":""},"class_list":["post-121","page","type-page","status-publish","hentry"],"_links":{"self":[{"href":"https:\/\/szkolapodlipami.pl\/index.php?rest_route=\/wp\/v2\/pages\/121","targetHints":{"allow":["GET"]}}],"collection":[{"href":"https:\/\/szkolapodlipami.pl\/index.php?rest_route=\/wp\/v2\/pages"}],"about":[{"href":"https:\/\/szkolapodlipami.pl\/index.php?rest_route=\/wp\/v2\/types\/page"}],"author":[{"embeddable":true,"href":"https:\/\/szkolapodlipami.pl\/index.php?rest_route=\/wp\/v2\/users\/1"}],"replies":[{"embeddable":true,"href":"https:\/\/szkolapodlipami.pl\/index.php?rest_route=%2Fwp%2Fv2%2Fcomments&post=121"}],"version-history":[{"count":9,"href":"https:\/\/szkolapodlipami.pl\/index.php?rest_route=\/wp\/v2\/pages\/121\/revisions"}],"predecessor-version":[{"id":1923,"href":"https:\/\/szkolapodlipami.pl\/index.php?rest_route=\/wp\/v2\/pages\/121\/revisions\/1923"}],"wp:attachment":[{"href":"https:\/\/szkolapodlipami.pl\/index.php?rest_route=%2Fwp%2Fv2%2Fmedia&parent=121"}],"curies":[{"name":"wp","href":"https:\/\/api.w.org\/{rel}","templated":true}]}}